)/(-1)*-7. Let b = i - 7. What is the tens digit of (-4)/(-14) - (-524)/b?
1
Suppose 2*g - 2*f - 14 = 0, g - 4*f + 2 = 2*g. What is the units digit of g?
6
Let t be (-2)/(-12) - 93/18. Let j(v) = v**3 + 4*v**2 - 7*v - 3. What is the units digit of j(t)?
7
Let h(j) = j**3 + j**2 + 1. Let i be h(0). What is the units digit of (-4 - 0)*i/(-2)?
2
Let l(f) = -f**3 - 9*f**2 + f + 13. Let g be l(-9). Suppose -21 = -g*s + 3*s. Let u = s + -5. What is the tens digit of u?
1
Let t(u) = -4*u**3 - u + 1. Let j be t(1). What is the tens digit of (-1)/j + (-1547)/(-52)?
3
Let y = 29 + -7. What is the tens digit of y?
2
Let k = 2 - -13. Suppose -23*m - k = -28*m. What is the units digit of m?
3
Suppose -6*l + r = -5*l - 2, 0 = -2*r. Suppose v + l = -5*k, 3*v - 64 = 2*k + 15. What is the tens digit of v?
2
Suppose 610 = 4*h - 30. Suppose 3*q + 29 = u - 11, -4*u + 2*q + h = 0. What is the units digit of u?
0
Let w(a) be the first derivative of -3*a**2/2 - 2*a - 2. Let d be w(8). Let r = -18 - d. What is the units digit of r?
8
Let a(o) = -o**3 + 15*o**2 + 2*o - 22. What is the units digit of a(15)?
8
Suppose 6*d - 10*d = -300. What is the units digit of d?
5
Let k(o) = 39*o**3 + o**2. Let g be k(-1). What is the units digit of 9 + -9 - g/1?
8
Let a(u) = u**2 + 2*u + 5. What is the units digit of a(-3)?
8
Let g be (-2 + -3)/(1/(-1)). Suppose 4*x - 22 = -2*z, z = -4*x + g + 18. What is the units digit of x?
6
Suppose -22*v = -26*v + 1484. What is the hundreds digit of v?
3
Let n be (-4 - -1)*5/3. Let l(t) = 2*t**2 + 3*t - 2. Let b be l(n). What is the units digit of 93/b + (-2)/(-11)?
3
Let x(i) = i**3 + i**2 + 2*i. Let t be x(2). Let h be t/10*(-15)/(-2). What is the units digit of ((-18)/(-7))/(h/56)?
2
Suppose 3*t - 2*l - 11 = 0, 0 = -2*t + t + 2*l + 5. Suppose -t*r + 6*r = 15. What is the units digit of r?
5
Suppose 3*k + 4 + 2 = 0. What is the units digit of (-4)/(-6)*(-9)/k?
3
Suppose 202 = 3*u - 119. What is the tens digit of u?
0
Let b = -200 + 377. What is the hundreds digit of b?
1
Let f = 3 - -77. What is the units digit of f?
0
What is the tens digit of ((-2)/5)/((-1)/120)?
4
Let u = -47 + 50. Let y(z) = 7*z - 1 + 3 - 2*z. What is the tens digit of y(u)?
1
Suppose 8*n - 3*n + 2*p = 233, -4*n + 2*p = -172. What is the units digit of n?
5
Let j(x) = 5*x. Let v be j(1). Suppose 1 = v*a - 9. Suppose 2*b = -a*b + 28. What is the units digit of b?
7
What is the units digit of 12/(-66) + (-1764)/(-22)?
0
Let s be 4/(-10) - (-344)/10. Let u(t) = -t**3 + 5*t**2 - t + 3. Let l be u(5). What is the tens digit of l/(4/s*-1)?
1
Suppose 5*z + 4*u - u = 0, 0 = -3*z - u. Let n = 2 + z. What is the units digit of n?
2
Suppose -j + 21 = -p, -3 = 2*p - 7. What is the units digit of j?
3
Let m(n) be the second derivative of 11*n**3/6 - 2*n**2 - 7*n. What is the tens digit of m(3)?
2
Let d = 5 - 5. Suppose f - 61 = -4*x + 2*f, d = -3*f + 9. What is the tens digit of x?
1
Let q(p) = 4*p**2 - p + 1. Let d be q(1). What is the units digit of 42/d + (-3)/6?
0
Let s be (-3 + 1/1)/(-1). Suppose s*g - 5*o - 7 = 0, -g - 4*o = 5 + 24. Let b = -8 - g. What is the units digit of b?
1
Let x(p) be the first derivative of 9*p**2/2 - 2*p + 4. What is the units digit of x(2)?
6
Suppose 13 = 4*j + 1. What is the units digit of 6/(-9) - (-14)/j?
4
Let r = 603 + -259. What is the hundreds digit of r?
3
Let p be (1/3)/((-7)/42). Let k = 10 + p. What is the units digit of k?
8
Suppose -3*i = -16 - 8. What is the units digit of i?
8
Let d = 0 + 3. Let t(s) = 2*s - 2. What is the units digit of t(d)?
4
Let i = 220 + -100. Suppose -2*a = 5*r - 55, -5*a + 10*a - i = 5*r. What is the units digit of a?
5
Let o = -15 + 4. Let u = 35 + o. What is the tens digit of u?
2
Suppose -6*n = -2*n - 8. Let m = -11 + 16. Suppose -m*g - l = -2*l - 30, 10 = n*l. What is the units digit of g?
7
Suppose -8 = -0*w + 2*w, s = -5*w - 8. Let a = 6 - s. What is the units digit of ((-2)/6)/(1/a)?
2
Let c(j) = j**2 - j + 6. Let x be ((-1)/2)/(2/12). Let n be 0/x*(-1)/2. What is the units digit of c(n)?
6
Let u(l) = -4*l**3 - l**2. Let i be u(-1). Suppose -5*d + 24 = -i*d. What is the units digit of d?
2
What is the tens digit of 1 + -2 + 84 + -6 + 4?
8
Let r be (4/(-2) - -4) + 1. Let j = 31 + -57. What is the units digit of (-1 - r/(-6))*j?
3
Suppose 75 = 4*a - 25. Suppose -3*c - 4*t = -18, -c + 1 = -0*c + 3*t. Let x = a - c. What is the units digit of x?
5
Suppose 4*c - 596 = -5*n + 31, 0 = 4*c - 5*n - 637. What is the tens digit of c?
5
Suppose -n + 5*p + 10 = p, 4*n - 20 = -4*p. Let t(c) = 2*c - 7. What is the units digit of t(n)?
5
Suppose -18*c + 17*c = -35. Let d = -11 + c. What is the units digit of d?
4
Let q = 9 + -6. What is the units digit of 2 - (0 - (q - -17))?
2
What is the tens digit of (-699)/(-12) + 3/(-12)?
5
Let d(q) = q**2 - 2*q - 6. What is the hundreds digit of d(-13)?
1
Suppose -2*c = -5*c + 114. Let i = 55 - c. What is the units digit of i?
7
Let y = 10 + -5. Suppose 3*b - y*b = 2. Let v(c) = -14*c. What is the units digit of v(b)?
4
Let n be (0 - (-3 + 3)) + 27. What is the units digit of (-24)/8 + n + 0?
4
Let q = -42 + 50. What is the units digit of q?
8
Let h(m) = m**2 - 4*m + 7. Let a be h(-7). Let k = 133 - a. What is the units digit of k?
9
Let r(i) = -i**2 + 8*i + 11. Suppose 0*j + j = 9. What is the units digit of r(j)?
2
Let v be (-5)/(-1) - 2/2. Suppose v*j + 57 = -15. Let m = -7 - j. What is the units digit of m?
1
Let z be (2/2)/(1/2). Suppose -z = 5*d - 42. What is the units digit of d?
8
Let m(z) = -2*z - 15. Let o be m(-10). Let k(c) = -c**3 - 5*c**2 + 2. Let t be k(-5). Suppose o = n + t. What is the units digit of n?
3
Let s(o) = 215*o**3 + o**2. What is the tens digit of s(1)?
1
Let v = 8 + 9. What is the tens digit of v?
1
Let s be 1*(-1 + -1 + 2). Let n be 7 - ((0 - 0) + s). Suppose -q + 3*t = n, -t = 2*q - 23 + 9. What is the units digit of q?
5
Let m(n) = -n**2 + 9*n - 5. Let z = -4 - 1. Let f(r) = -3*r - 7. Let y be f(z). What is the units digit of m(y)?
3
Let h be -18*((-3)/1 - -2). Suppose -17*f + h*f = 41. What is the tens digit of f?
4
Suppose -w + a - 19 = -5*w, -2*a = 2*w - 8. Let k = w + 1. What is the units digit of k?
6
Let q(m) = 22*m**2 - 6*m - 2. What is the tens digit of q(2)?
7
Suppose 2*t + 2 = -z + 6*t, -5*z + t = 10. Let p be 5 + 3 + 0 + z. What is the units digit of 1/(-3) + 38/p?
6
Suppose -4*n + 133 = -171. Let l = n - 42. Suppose -5*x = -11 - l. What is the units digit of x?
9
Let y = 58 + 119. What is the units digit of y?
7
Let h(g) be the third derivative of 0*g + 0 + 1/6*g**3 - 1/60*g**5 - 3*g**2 - 1/8*g**4. What is the units digit of h(-3)?
1
Suppose 0 = 3*v - 2*y - 23, -v + 2*y = -y - 10. Let q = v - -19. What is the tens digit of q?
2
Let z be (2 - 12/9)*-6. Suppose 0 = -3*n + 43 - 7. Let k = z + n. What is the units digit of k?
8
Let n = -135 - -245. What is the tens digit of n?
1
Let x(g) = -g**3 - 4*g**2 + 4*g + 3. Suppose 0*j = -r - 4*j + 16, -2*r - 4*j = -16. Suppose -5*z + r*z - 25 = 0. What is the units digit of x(z)?
8
Let i(v) = v**3 - v + 87. What is the units digit of i(0)?
7
Let q(o) = -o**3 + 10*o**2 - 7*o - 13. Let y be q(9). Let g(b) = -2*b**2 + 6*b + 6. Let x be g(y). What is the units digit of x/(-2) - (-1 + 2)?
6
Let t = -2 + -10. What is the tens digit of (-80)/t*36/8?
3
Suppose 2*w - 4*w = -4. Suppose -v = -3 - w. What is the units digit of v?
5
Suppose -144 = 2*b - 6*b. What is the tens digit of b?
3
Let o(r) = 14*r**2 - 7*r**2 + 7*r**2 - 1. What is the units digit of o(-1)?
3
Let b(o) = 2*o**2 + 2*o - 7. Let v be b(-3). Suppose y + 158 = 4*m - 2*y, 0 = -v*m + 5*y + 195. What is the units digit of m?
1
Suppose 29 = -c + 6*c + i, -20 = -5*i. Let t = 8 - c. What is the units digit of t?
3
Let j = -9 + 18. Suppose j = 4*q - 3*w - 22, 3*q - 27 = 3*w. What is the units digit of q?
4
Let y(z) = -z**2 + 15*z - 11. What is the tens digit of y(11)?
3
Let v = 19 + -30. Suppose c - 2*c - 11 = 4*g, 2*c + 5*g = -34. Let r = v - c. What is the tens digit of r?
1
Let f(v) be the third derivative of v**4/3 + 3*v**2. What is the units digit of f(1)?
8
Suppose h + 4*s - 18 = 0, 3*s + 2 = 5*h + 4. Let o(q) = -1 + 6*q**2 - 2*q**2 - 5*q**h - 5*q. What is the units digit of o(-4)?
3
Suppose 66 + 253 = 5*o + 4*u, -2*o - 3*u = -129. What is th